 3. Let w be g(-6). Determine o(w).
-9
Let k(d) = -d**3 + d**2 + d + 6. Let p(l) = -l - 8. Let y be p(-8). Determine k(y).
6
Let q(b) = b**3 - 5*b**2 + b - 7. Let m(x) = x**2 - 12*x + 12. Let c be m(8). Let i be (c/(-6))/(2/3). What is q(i)?
-2
Let g be (-2)/(33/6 - 5). Let u(r) = -r**3 - 5*r**2 - 4*r + 4. Determine u(g).
4
Let m(p) = -p**2 - 6*p - 2. Let i be 5*((-8)/5 + -2). Let v be (i/(-8))/((-2)/8). Let l be 51/v + (-4)/(-6). Give m(l).
3
Let h(i) = i**3 + 8*i**2 + 6*i - 5. Suppose -8 = 2*m - 5*c + 7, 2*m - c = -3. Suppose m = -2*t - 6 - 8. Determine h(t).
2
Let c be 36/8 + 2/(-4). Suppose 12 = -c*x, -13 = -8*t + 3*t - 4*x. Let r(p) = 7*p + t - 6*p - 4. Give r(-5).
-4
Let a = -9 - -12. Suppose 8*o - 3*s = a*o - 27, -3*s + 15 = -o. Let k(w) = w**3 + 2*w**2 - w + 3. Calculate k(o).
-3
Let b(i) = -2*i**3 - 3*i**2 + 3*i - 3. Suppose -4*y - 2 = 10. Calculate b(y).
15
Let y(l) = l**2 - 4*l - 2. Let u be y(5). Let m be u + ((-3)/(-3) - 1). Let h(t) = -m*t**2 - 4 + 8*t - t + 2*t**2. Calculate h(6).
2
Let z(h) = h**2 + 7*h - 4. Let k be z(-7). Let y(l) = 3*l + 0*l + 3*l - 5*l. Calculate y(k).
-4
Let d(c) = -c**3 + 2*c**2 + c - 2. Let p(i) = 2*i - 4. Let x be p(3). Suppose v - 17 = -x*v - 4*r, 0 = 2*v + 4*r - 10. Let k = -5 + v. What is d(k)?
0
Let n = -4 + 6. Let i(p) be the first derivative of -5*p**2/2 + 9*p - 2. Let j(r) = r - 2. Let q(m) = 4*i(m) + 18*j(m). Give q(n).
-4
Let i = -5 - 0. Let l(j) be the first derivative of 3/2*j**2 - 3 + 7*j. What is l(i)?
-8
Let r(y) = -3*y**3 - 2*y - 1 - 4*y + 5*y. Suppose 6 - 19 = 4*p + 3*j, -p = -3*j + 7. Let m(n) = -n**3 - 3*n**2 + 3*n - 5. Let d be m(p). Calculate r(d).
3
Let u(y) = -y**2 + 2*y + 2. Let a be u(3). Let o = -5 - a. Let q(k) be the first derivative of -k**4/4 - 4*k**3/3 + k**2 + 3*k - 5. Give q(o).
-5
Let p(v) = -5*v + 1. Let z = -37 - -42. Give p(z).
-24
Let z(q) = 17*q - 23*q - 3 + 9*q. Calculate z(4).
9
Let b(i) = 137 - i**3 - 75 - 73. What is b(0)?
-11
Let t(f) = f**3 + f**2 + f - 1. Let n(a) = 4*a**3 - a**2 - 3. Let b(p) = -n(p) + t(p). Let g be 24/14 - (-6)/21. Calculate b(g).
-12
Let k(x) = -x**2 + x - 1. Let h(o) = -11*o**2 + 4*o - 7. Let z(f) = -h(f) + 6*k(f). Suppose 2*l + 10 = 7*l. Let u be (-1)/((-1)/(1 - l)). What is z(u)?
4
Let s(a) = 5 + 233*a**2 - 459*a**2 + 227*a**2 + 7*a. Suppose u - 6 = -0*u. Suppose 2*m + u = 2*k - 5*k, 4*m - 2*k + 28 = 0. Give s(m).
-1
Let z(f) = 3*f - 2*f - 3 + 0*f. Let c be z(3). Let i(b) = b**2 - 5. What is i(c)?
-5
Let t(f) = -f**3 - 4*f**2 + f - 3. Let p = 12 + -8. Let d be (-2)/((-2)/p*-1). Give t(d).
-7
Let u(y) = y**3 - 7*y**2 - 8*y. Let n be u(8). Suppose n*l + 2*l = -p + 9, p + 33 = 5*l. Let s(g) = -g**3 + 6*g**2 - g + 2. What is s(l)?
-4
Let u(n) = n + 11. Let f = -9 - -3. Suppose -d + 0 = -1. Let p = f + d. Calculate u(p).
6
Let r(i) = -i**2 - i + 2. Suppose 8 = 3*h + 26. Let b(o) = o**3 + 7*o**2 + 5*o - 4. Let z be b(h). Give r(z).
-4
Suppose 2*j = -0 - 4. Let n(t) = -t**2 - 2. Calculate n(j).
-6
Let g be (-1 + 2)/((-2)/(-4)). Suppose 0*i + g = -2*i. Let h(f) = -6*f**3 - f - 1. Determine h(i).
6
Suppose c = 5*b - 25, b = -0*b + 5. Let n(z) = 7 + 3 - 24*z + 25*z. Calculate n(c).
10
Let d(s) be the first derivative of s**4/12 - 3*s**2/2 - 2. Let j(m) be the second derivative of d(m). Let y be 1 - (-2 + 4) - 2. Give j(y).
-6
Let w(o) = -o**2 - 5*o. Let u = -32 + 23. Let a = u + 5. What is w(a)?
4
Let r(x) = -1 + 3*x + 2*x + x. Let f(n) be the second derivative of -n**3/6 + 3*n**2 - 3*n. Let k be f(7). Calculate r(k).
-7
Suppose -2*v - 3 + 19 = 0. Suppose 2*j = 4*t - 4, 2*t + 4*j - v = 2*j. Let k(p) = t*p - 5*p - 6 + p. Calculate k(-5).
4
Let o(t) = -t**3 - 4*t**2 + t + 3. Suppose -5*v + v - 44 = 0. Let n(z) = -5*z**3 - 21*z**2 + 5*z + 15. Let h(u) = v*o(u) + 2*n(u). Give h(-3).
-9
Suppose 0 = 4*y - o - 5, -4 = -5*y + o + o. Let t be (y + -2*2)/1. Let p(b) be the first derivative of -b**4/4 - 2*b**3/3 + b**2/2 + 2*b + 2. Give p(t).
0
Suppose -b + 4 = -0. Let g(f) = 4*f + 4*f**2 - f**2 - 3*f**2 - f**3 - 5 + 3*f**2. Determine g(b).
-5
Suppose -4*s = p - 24, 0 = -5*p - 0*p. Let w(z) = 0*z + s*z**2 - 5*z**3 + 9 + 2*z + 6*z**3. What is w(-6)?
-3
Let j(s) be the first derivative of -s**4/4 - 8*s**3/3 - 7*s**2/2 - 3*s - 7. Let f = 6 - 13. Let a be j(f). Let b(k) = k**2 + 3*k + 3. What is b(a)?
3
Suppose h + 21 = -c - 4*h, 3*c + 3*h + 15 = 0. Let l(s) = 3*s**3 - 2*s**2 - 2*s - 1. Determine l(c).
-4
Let d(j) be the second derivative of -3/5*j**5 + 8*j + 1/6*j**3 - 1/12*j**4 + 0 + 0*j**2. What is d(1)?
-12
Suppose -9*g + 4*g + 15 = 0. Let j(n) = -n - 4. Calculate j(g).
-7
Let l(j) = -j**2 - 7*j + 2. Suppose 99 = s + 104. Determine l(s).
12
Suppose -5*z - 4*n - 25 = n, 5 = 3*z - n. Let d(f) = -f + 4. Calculate d(z).
4
Let l(o) be the third derivative of o**6/120 - o**5/12 - 7*o**4/24 + 4*o**3/3 + 3*o**2. Let z be l(6). Let b(v) = 3*v + 5*v**2 - 2*v**2 - v**z. Give b(-2).
2
Let b(m) = m + 4. Suppose -2*h + 4*k = -2 + 8, -5*h - 15 = -3*k. Calculate b(h).
1
Suppose 2*z + 2 + 4 = -2*a, -z = -a + 7. Let x(n) be the first derivative of -5/2*n**a + 1/3*n**3 + 3 - 4*n. Give x(6).
2
Let t(x) = 5 - 5*x**2 - x + 2*x**2 + 4 - 1. Let o(l) = -3*l**2 - l + 9. Let z(n) = -6*o(n) + 7*t(n). What is z(-2)?
-8
Let c be (2 - 1) + 1 + 1. Let f(q) = -q - q**2 + q**3 - c*q**2 + 2*q. Suppose -k - 8*y + 23 = -4*y, y - 5 = 0. Calculate f(k).
-6
Let u = 4 - 2. Let l(z) = -2*z**3 + 2*z**2 + z. Calculate l(u).
-6
Let w = 38 - 36. Let u(k) be the third derivative of 0 + 2*k**w + 0*k - 1/60*k**5 - 1/6*k**4 + 1/2*k**3. Give u(-4).
3
Let t be 8/6*3/2. Suppose c = 1 + 1. Let k(b) = -c - 1 + 3*b + 4. Calculate k(t).
7
Suppose 0*o = 3*o - 9. Let i(v) = o*v - 7*v + 2*v. Give i(4).
-8
Let v be (-1 + 2)*-1*-1. Let g(o) = -8*o - 3. Let f(c) = -16*c - 7. Let j(l) = -2*f(l) + 5*g(l). Determine j(v).
-9
Let q = -174 - -177. Let a(i) = 2*i**2 - 4*i + 4. Calculate a(q).
10
Let v(c) = 5*c**2 + 12*c - 1. Suppose -q + 51 = 2*q. Let y(r) = 14*r**2 + 35*r - 4. Let a(b) = q*v(b) - 6*y(b). Calculate a(5).
2
Let y(c) = 0*c**3 - c - 2 + 3 + c**3 + 4*c**2. Suppose -36 = m - 5*m. Let t = m - 13. Give y(t).
5
Suppose c - 3 = -5*y, -2*c = 2*y - c. Let l(h) = -12*h**2 + h. Give l(y).
-11
Let s(v) = v**3 - 6*v**2 + 7*v - 7. Let o be s(5). Let d(y) = 2 - 2*y + 4 - o. Determine d(3).
-3
Let c(d) be the second derivative of -1/6*d**4 + 0*d**3 + 1/720*d**6 - 1/120*d**5 + 0*d**2 + 0 - 2*d. Let f(k) be the third derivative of c(k). What is f(1)?
0
Let x(z) = -z + 3. Let h(r) = r + 21. Let v be h(-5). Let g = -19 + v. Calculate x(g).
6
Let k(x) be the first derivative of 5*x**3/3 + x - 7. Calculate k(1).
6
Let m(v) = -v. Let y be m(-3). Suppose 0 = -y*i + 5*j - 10, -i - 2*j - j = -6. Let x(t) = t**3 + t**2 - 6. Give x(i).
-6
Suppose 4*x - 2*x + 4 = 0. Let b(h) = 7*h. Determine b(x).
-14
Let f(c) be the second derivative of c**4/12 - 5*c**3/3 - c**2 - 55*c. Calculate f(11).
9
Let s(d) = 3*d - 2. Let x(h) = -h**3 - 7*h**2 - 7*h - 2. Let f be x(-6). Suppose 0*t + f*v = -5*t + 23, 3*v - 3 = t. Determine s(t).
7
Let f(u) = u**3 - u**2 - 3*u - 3. Let m(j) = -j**2 + 3*j + 3. Suppose -9*i = -5*i - 12. Let b be m(i). What is f(b)?
6
Let l(w) = -5 + 0*w + w**2 - 3*w - 1 + 5. Determine l(3).
-1
Let s(o) = 5*o**3 - 6*o**2 + 6*o - 6. Let b(k) = k**3. Let l(m) = 4*b(m) - s(m). Give l(5).
1
Let n(x) = -x**2 + x + 17. Let v be n(-4). Let a(z) = -z**2 - 2*z + 1. What is a(v)?
-2
Let s(b) be the third derivative of -b**5/60 + b**4/24 - 4*b**3/3 - 3*b**2. What is s(0)?
-8
Let k = 16 - 8. Suppose 0 = 5*d - k - 17. Let u(f) = -f + 11. Calculate u(d).
6
Let r(y) be the third derivative of -y**5/60 - y**4/24 + y**3/3 - y**2. Let c be r(-3). Let h(l) = -37*l**2 - 5 + 36*l**2 - 7*l + l. What is h(c)?
3
Let a(u) = -4*u**2 + 4*u + 10. Let q(z) = -3*z**2 + 3*z + 9. Let f(v) = -6*a(v) + 7*q(v). Let p be (-1)/(-8)*-58*4. Let l = 31 + p. Calculate f(l).
9
Let c(s) = s**3 + 3*s**2 + 2*s + 2. Suppose 4*j + 3*i + 6 = 13, -i = 3*j + 1. Determine c(j).
2
Let f(q) = -q**3 - 4*q**2 - q + 3. Let k be (-30)/7 + (-6)/(-21). Give f(k).
7
Let f be ((-11)/(-2))/(1/2). Let p = 16 - f. Suppose 3*h = -4*d + 7, -h - 17 - 6 = -p*d. Let t(x) = x**3 - 4*x**2 - 2*x + 3. Determine t(d).
-5
Suppose 0 = 4*d - 0*d - 8. Suppose 0 = -3*i - 3, -f + 3*i + d = -1. Let q(o) = o 